{"id":1301,"date":"2021-03-29T15:31:57","date_gmt":"2021-03-29T13:31:57","guid":{"rendered":"https:\/\/krol-abram.fr\/?page_id=1301"},"modified":"2021-04-08T20:16:29","modified_gmt":"2021-04-08T18:16:29","slug":"le-pentateuque","status":"publish","type":"page","link":"https:\/\/krol-abram.fr\/?page_id=1301","title":{"rendered":"Le Pentateuque"},"content":{"rendered":"\n<p>Entre 1967 et 1971, Abram Krol grave 187 gravures (20cm x 30cm) pour illustrer le Pentateuque (les cinq premiers livres de la bible). Vingt-deux exemplaires seront imprim\u00e9s en taille-douce et quelques uns sont colori\u00e9s \u00e0 la gouache. L\u2019association les Amis des Cahiers Bleus publie en 1988, dans sa revue, une reproduction de l\u2019ensemble de ces gravures. En 1993, la biblioth\u00e8que de Dijon \u00e0 l\u2019occasion d\u2019une exposition de ses \u0153uvres, publie le Pentateuque illustr\u00e9 de 189 tailles d\u2019\u00e9pargne \u00e9labor\u00e9es par Abram Krol et inspir\u00e9es par les gravures en taille-douce pr\u00e9c\u00e9dentes.<\/p>\n\n\n\n<figure class=\"wp-block-image size-large is-resized\"><img loading=\"lazy\" decoding=\"async\" src=\"https:\/\/krol-abram.fr\/wp-content\/uploads\/pentateuque-avant-propos-438x1024.jpg\" alt=\"\" class=\"wp-image-1302\" width=\"606\" height=\"1417\" srcset=\"https:\/\/krol-abram.fr\/wp-content\/uploads\/pentateuque-avant-propos-438x1024.jpg 438w, https:\/\/krol-abram.fr\/wp-content\/uploads\/pentateuque-avant-propos-128x300.jpg 128w, https:\/\/krol-abram.fr\/wp-content\/uploads\/pentateuque-avant-propos-768x1794.jpg 768w\" sizes=\"auto, (max-width: 606px) 100vw, 606px\" \/><\/figure>\n","protected":false},"excerpt":{"rendered":"<p>Entre 1967 et 1971, Abram Krol grave 187 gravures (20cm x 30cm) pour illustrer le Pentateuque (les cinq premiers livres de la bible). Vingt-deux exemplaires seront imprim\u00e9s en taille-douce et quelques uns sont colori\u00e9s \u00e0 la gouache. L\u2019association les Amis des Cahiers Bleus publie en 1988, dans sa revue, une reproduction de l\u2019ensemble de ces&hellip; <a class=\"more-link\" href=\"https:\/\/krol-abram.fr\/?page_id=1301\">Poursuivre la lecture <span class=\"screen-reader-text\">Le Pentateuque<\/span><\/a><\/p>\n","protected":false},"author":1,"featured_media":0,"parent":0,"menu_order":0,"comment_status":"closed","ping_status":"closed","template":"","meta":{"footnotes":""},"class_list":["post-1301","page","type-page","status-publish","hentry","entry"],"yoast_head":"<!-- This site is optimized with the Yoast SEO plugin v27.3 - https:\/\/yoast.com\/product\/yoast-seo-wordpress\/ -->\n<title>Le Pentateuque - Abram KROL<\/title>\n<meta name=\"robots\" content=\"index, follow, max-snippet:-1, max-image-preview:large, max-video-preview:-1\" \/>\n<link rel=\"canonical\" href=\"https:\/\/krol-abram.fr\/?page_id=1301\" \/>\n<meta property=\"og:locale\" content=\"fr_FR\" \/>\n<meta property=\"og:type\" content=\"article\" \/>\n<meta property=\"og:title\" content=\"Le Pentateuque - Abram KROL\" \/>\n<meta property=\"og:description\" content=\"Entre 1967 et 1971, Abram Krol grave 187 gravures (20cm x 30cm) pour illustrer le Pentateuque (les cinq premiers livres de la bible). Vingt-deux exemplaires seront imprim\u00e9s en taille-douce et quelques uns sont colori\u00e9s \u00e0 la gouache. L\u2019association les Amis des Cahiers Bleus publie en 1988, dans sa revue, une reproduction de l\u2019ensemble de ces&hellip; Poursuivre la lecture Le Pentateuque\" \/>\n<meta property=\"og:url\" content=\"https:\/\/krol-abram.fr\/?page_id=1301\" \/>\n<meta property=\"og:site_name\" content=\"Abram KROL\" \/>\n<meta property=\"article:modified_time\" content=\"2021-04-08T18:16:29+00:00\" \/>\n<meta property=\"og:image\" content=\"https:\/\/krol-abram.fr\/wp-content\/uploads\/pentateuque-avant-propos-438x1024.jpg\" \/>\n<meta name=\"twitter:card\" content=\"summary_large_image\" \/>\n<script type=\"application\/ld+json\" class=\"yoast-schema-graph\">{\"@context\":\"https:\\\/\\\/schema.org\",\"@graph\":[{\"@type\":\"WebPage\",\"@id\":\"https:\\\/\\\/krol-abram.fr\\\/?page_id=1301\",\"url\":\"https:\\\/\\\/krol-abram.fr\\\/?page_id=1301\",\"name\":\"Le Pentateuque - Abram KROL\",\"isPartOf\":{\"@id\":\"https:\\\/\\\/krol-abram.fr\\\/#website\"},\"primaryImageOfPage\":{\"@id\":\"https:\\\/\\\/krol-abram.fr\\\/?page_id=1301#primaryimage\"},\"image\":{\"@id\":\"https:\\\/\\\/krol-abram.fr\\\/?page_id=1301#primaryimage\"},\"thumbnailUrl\":\"https:\\\/\\\/krol-abram.fr\\\/wp-content\\\/uploads\\\/pentateuque-avant-propos-438x1024.jpg\",\"datePublished\":\"2021-03-29T13:31:57+00:00\",\"dateModified\":\"2021-04-08T18:16:29+00:00\",\"breadcrumb\":{\"@id\":\"https:\\\/\\\/krol-abram.fr\\\/?page_id=1301#breadcrumb\"},\"inLanguage\":\"fr-FR\",\"potentialAction\":[{\"@type\":\"ReadAction\",\"target\":[\"https:\\\/\\\/krol-abram.fr\\\/?page_id=1301\"]}]},{\"@type\":\"ImageObject\",\"inLanguage\":\"fr-FR\",\"@id\":\"https:\\\/\\\/krol-abram.fr\\\/?page_id=1301#primaryimage\",\"url\":\"https:\\\/\\\/krol-abram.fr\\\/wp-content\\\/uploads\\\/pentateuque-avant-propos-438x1024.jpg\",\"contentUrl\":\"https:\\\/\\\/krol-abram.fr\\\/wp-content\\\/uploads\\\/pentateuque-avant-propos-438x1024.jpg\"},{\"@type\":\"BreadcrumbList\",\"@id\":\"https:\\\/\\\/krol-abram.fr\\\/?page_id=1301#breadcrumb\",\"itemListElement\":[{\"@type\":\"ListItem\",\"position\":1,\"name\":\"Accueil\",\"item\":\"https:\\\/\\\/krol-abram.fr\\\/\"},{\"@type\":\"ListItem\",\"position\":2,\"name\":\"Le Pentateuque\"}]},{\"@type\":\"WebSite\",\"@id\":\"https:\\\/\\\/krol-abram.fr\\\/#website\",\"url\":\"https:\\\/\\\/krol-abram.fr\\\/\",\"name\":\"Abram KROL\",\"description\":\"artiste peintre-graveur\",\"potentialAction\":[{\"@type\":\"SearchAction\",\"target\":{\"@type\":\"EntryPoint\",\"urlTemplate\":\"https:\\\/\\\/krol-abram.fr\\\/?s={search_term_string}\"},\"query-input\":{\"@type\":\"PropertyValueSpecification\",\"valueRequired\":true,\"valueName\":\"search_term_string\"}}],\"inLanguage\":\"fr-FR\"}]}<\/script>\n<!-- \/ Yoast SEO plugin. -->","yoast_head_json":{"title":"Le Pentateuque - Abram KROL","robots":{"index":"index","follow":"follow","max-snippet":"max-snippet:-1","max-image-preview":"max-image-preview:large","max-video-preview":"max-video-preview:-1"},"canonical":"https:\/\/krol-abram.fr\/?page_id=1301","og_locale":"fr_FR","og_type":"article","og_title":"Le Pentateuque - Abram KROL","og_description":"Entre 1967 et 1971, Abram Krol grave 187 gravures (20cm x 30cm) pour illustrer le Pentateuque (les cinq premiers livres de la bible). Vingt-deux exemplaires seront imprim\u00e9s en taille-douce et quelques uns sont colori\u00e9s \u00e0 la gouache. L\u2019association les Amis des Cahiers Bleus publie en 1988, dans sa revue, une reproduction de l\u2019ensemble de ces&hellip; Poursuivre la lecture Le Pentateuque","og_url":"https:\/\/krol-abram.fr\/?page_id=1301","og_site_name":"Abram KROL","article_modified_time":"2021-04-08T18:16:29+00:00","og_image":[{"url":"https:\/\/krol-abram.fr\/wp-content\/uploads\/pentateuque-avant-propos-438x1024.jpg","type":"","width":"","height":""}],"twitter_card":"summary_large_image","schema":{"@context":"https:\/\/schema.org","@graph":[{"@type":"WebPage","@id":"https:\/\/krol-abram.fr\/?page_id=1301","url":"https:\/\/krol-abram.fr\/?page_id=1301","name":"Le Pentateuque - Abram KROL","isPartOf":{"@id":"https:\/\/krol-abram.fr\/#website"},"primaryImageOfPage":{"@id":"https:\/\/krol-abram.fr\/?page_id=1301#primaryimage"},"image":{"@id":"https:\/\/krol-abram.fr\/?page_id=1301#primaryimage"},"thumbnailUrl":"https:\/\/krol-abram.fr\/wp-content\/uploads\/pentateuque-avant-propos-438x1024.jpg","datePublished":"2021-03-29T13:31:57+00:00","dateModified":"2021-04-08T18:16:29+00:00","breadcrumb":{"@id":"https:\/\/krol-abram.fr\/?page_id=1301#breadcrumb"},"inLanguage":"fr-FR","potentialAction":[{"@type":"ReadAction","target":["https:\/\/krol-abram.fr\/?page_id=1301"]}]},{"@type":"ImageObject","inLanguage":"fr-FR","@id":"https:\/\/krol-abram.fr\/?page_id=1301#primaryimage","url":"https:\/\/krol-abram.fr\/wp-content\/uploads\/pentateuque-avant-propos-438x1024.jpg","contentUrl":"https:\/\/krol-abram.fr\/wp-content\/uploads\/pentateuque-avant-propos-438x1024.jpg"},{"@type":"BreadcrumbList","@id":"https:\/\/krol-abram.fr\/?page_id=1301#breadcrumb","itemListElement":[{"@type":"ListItem","position":1,"name":"Accueil","item":"https:\/\/krol-abram.fr\/"},{"@type":"ListItem","position":2,"name":"Le Pentateuque"}]},{"@type":"WebSite","@id":"https:\/\/krol-abram.fr\/#website","url":"https:\/\/krol-abram.fr\/","name":"Abram KROL","description":"artiste peintre-graveur","potentialAction":[{"@type":"SearchAction","target":{"@type":"EntryPoint","urlTemplate":"https:\/\/krol-abram.fr\/?s={search_term_string}"},"query-input":{"@type":"PropertyValueSpecification","valueRequired":true,"valueName":"search_term_string"}}],"inLanguage":"fr-FR"}]}},"_links":{"self":[{"href":"https:\/\/krol-abram.fr\/index.php?rest_route=\/wp\/v2\/pages\/1301","targetHints":{"allow":["GET"]}}],"collection":[{"href":"https:\/\/krol-abram.fr\/index.php?rest_route=\/wp\/v2\/pages"}],"about":[{"href":"https:\/\/krol-abram.fr\/index.php?rest_route=\/wp\/v2\/types\/page"}],"author":[{"embeddable":true,"href":"https:\/\/krol-abram.fr\/index.php?rest_route=\/wp\/v2\/users\/1"}],"replies":[{"embeddable":true,"href":"https:\/\/krol-abram.fr\/index.php?rest_route=%2Fwp%2Fv2%2Fcomments&post=1301"}],"version-history":[{"count":5,"href":"https:\/\/krol-abram.fr\/index.php?rest_route=\/wp\/v2\/pages\/1301\/revisions"}],"predecessor-version":[{"id":1877,"href":"https:\/\/krol-abram.fr\/index.php?rest_route=\/wp\/v2\/pages\/1301\/revisions\/1877"}],"wp:attachment":[{"href":"https:\/\/krol-abram.fr\/index.php?rest_route=%2Fwp%2Fv2%2Fmedia&parent=1301"}],"curies":[{"name":"wp","href":"https:\/\/api.w.org\/{rel}","templated":true}]}}